ppose 4*r = -q - 4. What is the units digit of r/6 + 28/3?
9
Let w = -49 + 75. What is the units digit of w?
6
Let b be 1/2 + (-18)/4. What is the tens digit of 94/(b*1/(-2))?
4
Let p = 3 - 2. Let l(w) = 14*w**2. What is the tens digit of l(p)?
1
What is the units digit of (-1 - 3) + 78/3?
2
Let z be (-2)/(2/(-3))*-1. Let c(x) be the third derivative of -x**4/6 - x**3/3 - 5*x**2. What is the tens digit of c(z)?
1
Suppose 4*y = -y - 45. Let h(p) be the second derivative of p**3/6 + 13*p**2/2 - 3*p. What is the units digit of h(y)?
4
Let y = -33 + 49. What is the units digit of y?
6
Let s(i) = i**3 + 3*i**2 - i + 1. Let a be s(-3). Suppose n - 2*n + j + 12 = 0, a*n + 2*j = 78. Let p = n - 10. What is the units digit of p?
7
Let s(y) = y**2 - 2*y + 1. Let b = 2 + 0. What is the units digit of s(b)?
1
Let n be -3 - (-3)/3 - 9. Let j = n + 7. Let o = -2 - j. What is the units digit of o?
2
Suppose 0 = 4*o + 29 - 141. What is the units digit of o?
8
Suppose 2*f - 9*j - 63 = -4*j, 0 = -2*f + 2*j + 48. What is the tens digit of f?
1
Let r = -4 + 6. Let y be (2 + -4)/(r/(-5)). Suppose -4*x = 3*p - 55, 0 = x - y*p - 5 + 20. What is the tens digit of x?
1
Let d = -105 - -60. Let v = d - -69. What is the units digit of v?
4
Suppose 0*q + 39 = 3*q. Suppose 5*t - q = t + j, 5*j = 3*t - 31. Suppose 4*r + g = t*r + 16, 0 = -r - 4*g + 8. What is the units digit of r?
8
Let f(v) = v**2 + 9*v + 1. Let l(y) = y**3 - 9*y**2 + y + 2. Let o be l(9). Let u be 3 + -2 - o/1. What is the units digit of f(u)?
1
Let z(u) = -u**2 - 12*u + 8. What is the units digit of z(-11)?
9
Let p(x) = x**3 + 14*x**2 + 9*x + 30. What is the units digit of p(-12)?
0
Suppose -629 = -7*f + 211. What is the units digit of f?
0
Suppose 5*g - 96 = -2*n + g, 172 = 4*n - 2*g. Suppose n + 36 = 4*y. What is the tens digit of y?
2
Let l(u) = 6*u - 4. Let c(t) = t + 16. Let b be c(-11). What is the tens digit of l(b)?
2
Suppose -p + 5 = -0. Suppose -p*v + 9 = -2*w, -6 = w - 3*v + 1. Suppose 0 = -4*y + w, 4*z + 2*y = z + 10. What is the units digit of z?
2
Let n(v) = v - 8. Let g be n(8). Let l be 0*(1/(-1) - g). Suppose -2*f + 4*f - 2 = l. What is the units digit of f?
1
Suppose -3*y + 1 = 4*c, 4 - 5 = -c - y. What is the units digit of 710/45 + c/(-9)?
6
Let r = 357 - 230. What is the hundreds digit of r?
1
Let n(l) = -l**3 - 5*l**2 + 5*l - 1. What is the units digit of n(-6)?
5
What is the units digit of (-12)/8 - (-332)/8?
0
What is the units digit of 2*(3/(-6) - 77/(-2))?
6
Let x = 18 + -18. Suppose x = 4*d - 102 - 74. What is the units digit of d?
4
Suppose -v - 4*u = -37, -2*v = -0*v + 2*u - 80. What is the units digit of v?
1
Suppose 0 = -5*x - 5*q + 20, -q + 2 = -3. Let n be (-28)/(-10) - x/5. Suppose 4*d = d + n. What is the units digit of d?
1
Let s = 197 - 108. What is the units digit of s?
9
Let x be (2/(-8))/((-1)/4). Suppose 3*q = -x + 10. Suppose -40 = -5*l - q*c + 6*c, 4*c = 2*l - 16. What is the units digit of l?
8
Let l(v) be the third derivative of v**2 + 0 - 1/4*v**4 + 0*v - 3/2*v**3 - 1/120*v**6 + 3/20*v**5. What is the units digit of l(8)?
7
What is the units digit of (-180)/(-22) - 14/77?
8
Let i(k) = -k**2 + 8*k + 6. Let r be i(7). Suppose -3*s - r = j - 2, -5*j = -5*s - 5. What is the units digit of ((-2)/(-6))/((-1)/s)?
1
Let v = -102 + 178. What is the units digit of v?
6
Suppose 5*n = -3*g + 110, n = -2*g - 3*n + 76. What is the tens digit of g?
3
Let s(d) = d**3 + 11*d**2 + 12*d - 8. Let c be s(-10). Let h = c + 43. What is the tens digit of h?
1
Let f(i) = -i**3 + 12*i**2 - 8*i - 14. What is the hundreds digit of f(7)?
1
Let c = 6 - 1. Suppose 3*f - 20 = -c*g, -2*g = -4*g + f + 19. Let p = g + -5. What is the units digit of p?
2
Let p = 243 - 88. What is the hundreds digit of p?
1
Suppose 0*o - 75 = 5*o. Let h = o + 43. What is the units digit of h?
8
Suppose x + 3*x = -24. Let h(s) = -3 - 2*s**3 - s - s - 7*s**2 - 6*s + s**3. What is the units digit of h(x)?
9
What is the units digit of (6/21 + 166/7)*13?
2
Let b = 105 - -249. What is the tens digit of b?
5
Suppose 5*q + 0*q - 25 = 0. Suppose 10*r - 25 = q*r. What is the units digit of r?
5
Let z(u) = 5*u - 8. What is the tens digit of z(5)?
1
Let x = -6 - -8. Let s be (20/15)/(x/9). Let m = 14 - s. What is the units digit of m?
8
Let f(l) = l - 7. Let g be f(11). Suppose 0 = -3*t - 2*m + 109, 0 = -g*t - 0*t - 5*m + 143. What is the tens digit of t?
3
Let a = -1 - -10. Suppose -2*l = -q - a, -5*q = -l - l + 5. Suppose 2*v + 3*v = l. What is the units digit of v?
1
Suppose -10 = -2*n + l, 2*l + 3*l = -3*n - 11. Suppose 7 + n = 2*v. What is the units digit of v?
5
Let o = -87 + 301. What is the tens digit of o/14 + (-10)/35?
1
Let y(i) = 10*i - 69. What is the units digit of y(21)?
1
What is the units digit of -9*2*(-4)/8?
9
Let f(c) = -c**2 + 6*c + 10. Suppose -2*r + 9 = -r. Suppose 2*q - 5*l + 11 = 0, -2*l - 34 = -5*q - r. What is the units digit of f(q)?
3
Let v(p) = 2*p**2 - 1. Let z be v(-1). What is the units digit of (-13)/2*z*-2?
3
Let k = -1 - -3. Suppose 2*f - 3 - 1 = x, 0 = -f + x. Suppose 3*y - 14 = f*n, k*y + 0*n = -4*n + 16. What is the units digit of y?
6
Let q(d) = d**2 + d - 7. Let i be q(-6). Let s = i + -7. What is the tens digit of s?
1
Suppose g = -9*g + 700. What is the tens digit of g?
7
Let s be ((-159)/(-9) + -2)*3. Let m = s - 19. What is the tens digit of m?
2
Suppose f - 2*o = 2*f - 64, -f + 3*o = -59. Suppose 5*x = f + 138. What is the units digit of x?
0
Let o(k) = -k**2 - 4*k + 2. Let r be o(-3). Suppose -r*p - 4*v + 3 = -0*v, 3*p + 2*v - 3 = 0. Suppose p = 2*s - 7. What is the units digit of s?
5
Suppose 2*g + 2*r = -r - 12, -2*g - 12 = 2*r. What is the units digit of ((-104)/(-12))/((-4)/g)?
3
What is the units digit of (-12)/(-15) - (-1968)/15?
2
Let t be (-6)/(-3) + -2 + 91. Suppose 3*h + 2*h - 2*s = t, 0 = -5*s - 15. What is the tens digit of h?
1
Let a(x) = -x**2 + 9*x - 1. Let f(m) = 2*m**2 + 2*m + 3. Let v be f(-2). What is the units digit of a(v)?
3
Suppose 24*r - 16*r = 1320. What is the units digit of r?
5
Suppose -7*t = -2*t - 315. What is the tens digit of t?
6
Suppose 5*o + 88 = -3*t + 4*t, 5*t - 2*o = 509. What is the tens digit of t?
0
What is the tens digit of (-1)/(5 - (-5898)/(-1179))?
9
Let z(d) = d**2 - 12*d + 2. Suppose -7*t + 3*t + 56 = 0. What is the tens digit of z(t)?
3
Let p(m) = m**3 + 13*m**2 + 12*m + 12. Let r be p(-12). Suppose 3*b + 3*j - r = 0, -3*j = 3 + 12. What is the units digit of b?
9
Let o(t) = t - 2*t - 5 - 2*t. What is the units digit of o(-4)?
7
Suppose 4*x + 24 = -w + 2*w, 5*x + 9 = -4*w. What is the tens digit of 9/15 - 57/x?
1
Suppose -7*w = 539 - 2107. What is the hundreds digit of w?
2
Suppose 6*w + 5*i - 60 = 2*w, -i + 75 = 5*w. What is the units digit of 3/w - 19/(-5)?
4
Let a = -117 - -31. Let o = a - -127. What is the units digit of o?
1
What is the hundreds digit of (1 + 1)/(2/169)?
1
Let u(a) = -19*a + 5. Let m(l) = -l + 1. Let x(s) = 4*m(s) - u(s). What is the units digit of x(2)?
9
What is the tens digit of (140/2)/(-5 + 7)?
3
Suppose -h - 12 = -5*h. Suppose 13 = -h*t + 1. What is the units digit of t*(-1 - 0) - 2?
2
Let l(v) = v**3 + 5*v**2 - 6*v + 6. Let h be l(-6). Suppose -9 = -3*r + h. What is the units digit of r?
5
Let b = 16 + -16. Suppose 6*c = 2*c - 2*g + 130, -3*c - 4*g + 95 = b. What is the units digit of c?
3
Let l(h) = -h**3 + h**2 + h - 1. Let u be l(-2). Suppose -u*n = -8*n - 32. Suppose 0 = -2*r + n - 12. What is the tens digit of r?
1
Suppose -f - 15 + 112 = 0. What is the tens digit of f?
9
Suppose 2*d - 10 - 4 = 0. Suppose 4*i + d*j = 3*j + 32, -5*j = -20. What is the units digit of i?
4
Let t(n) be the third derivative of -n**6/120 + n**5/15 + 5*n**4/24 + n**3 + n**2. Let l(b) = 4*b**2 + 3*b - 2. Let y be l(1). What is the units digit of t(y)?
6
Let w be (-2)/6*2*3. Let h(a) = a + 2. Let m be h(w). Let c = 1 - m. What is the units digit of c?
1
Suppose 2*g + 6*g = 424. What is the units digit of g?
3
Let r be 12/(-20) - 23/(-5). Suppose r + 2 = j. What is the tens digit of ((-12)/15)/(j/(-75))?
1
Let n = 7 - 7. Suppose n = -u - 0 + 5. What is the units digit of u?
5
Let u(x) be the third derivative of -x**4/8 - 7*x**3/3 + 10*x**2. What is the units digit of u(-7)?
7
Let d be 16/(-12)*21/(-2). Suppose 0*y - 16